r of 109899 and 18?
9
What is the greatest common divisor of 2217344 and 340?
68
What is the highest common factor of 8099 and 819245?
623
Calculate the greatest common factor of 1672 and 220.
44
Calculate the highest common divisor of 6954 and 2090.
38
Calculate the highest common factor of 248 and 202988.
124
Calculate the highest common factor of 236 and 9588.
4
Calculate the greatest common factor of 204 and 218382.
102
Calculate the highest common divisor of 228000 and 6450.
150
What is the highest common divisor of 11623 and 6107?
197
Calculate the greatest common divisor of 10230 and 19140.
330
What is the greatest common factor of 43678 and 6?
2
What is the greatest common factor of 289328 and 6420?
428
Calculate the highest common factor of 72 and 18738.
18
What is the highest common factor of 706854 and 36?
6
What is the greatest common factor of 356283 and 315?
9
What is the highest common divisor of 2560 and 572?
4
What is the greatest common divisor of 695 and 15605?
5
Calculate the highest common factor of 48974 and 30218.
1042
What is the highest common divisor of 4338 and 99?
9
Calculate the highest common divisor of 23544 and 109.
109
What is the greatest common divisor of 279 and 1521?
9
What is the greatest common divisor of 2 and 56054?
2
What is the greatest common divisor of 610421 and 31?
31
What is the highest common divisor of 37609 and 299?
13
Calculate the highest common divisor of 962 and 23738.
26
Calculate the greatest common divisor of 82749 and 9.
3
Calculate the highest common factor of 4912 and 72.
8
Calculate the highest common factor of 1166 and 140800.
22
Calculate the highest common factor of 1426 and 12374.
46
What is the greatest common divisor of 91630 and 2002?
154
What is the greatest common factor of 98806 and 6858?
254
What is the greatest common divisor of 24 and 28632?
24
What is the greatest common divisor of 1749860 and 1450?
290
What is the highest common divisor of 2730 and 9210?
30
Calculate the greatest common factor of 168 and 1308.
12
What is the highest common factor of 125901 and 729?
27
What is the highest common divisor of 782782 and 1173?
391
Calculate the highest common divisor of 207 and 7628778.
207
What is the highest common divisor of 75042 and 176?
22
What is the greatest common factor of 5066 and 7344?
34
What is the highest common factor of 145 and 21257?
29
Calculate the highest common factor of 24 and 1050.
6
Calculate the greatest common factor of 1049 and 3710313.
1049
Calculate the highest common factor of 330 and 37770.
30
What is the highest common factor of 27984 and 3564?
132
What is the greatest common factor of 222573 and 507?
507
Calculate the highest common divisor of 195 and 455130.
195
What is the highest common divisor of 70862 and 396?
22
What is the greatest common divisor of 387198 and 21?
21
Calculate the greatest common divisor of 290944 and 128.
128
Calculate the highest common divisor of 361388 and 6012.
668
Calculate the greatest common factor of 167067 and 2565.
171
What is the greatest common divisor of 2484 and 2028?
12
Calculate the highest common factor of 1702 and 322.
46
What is the greatest common divisor of 7 and 50585?
1
Calculate the greatest common divisor of 24 and 53388.
12
What is the greatest common divisor of 45 and 3238035?
15
What is the greatest common factor of 9843 and 294?
3
What is the greatest common divisor of 35664 and 96?
48
What is the greatest common factor of 651 and 1491?
21
Calculate the highest common factor of 5565 and 25977.
21
What is the highest common divisor of 5670 and 9585?
135
What is the greatest common factor of 4 and 652244?
4
What is the highest common factor of 64 and 6438?
2
What is the highest common factor of 455 and 144865?
35
Calculate the greatest common factor of 126350 and 38.
38
What is the highest common divisor of 10 and 48645?
5
What is the highest common divisor of 1100 and 4972?
44
Calculate the greatest common divisor of 89221 and 55.
11
Calculate the greatest common divisor of 9641 and 3131.
31
Calculate the greatest common divisor of 242 and 1379642.
242
What is the greatest common factor of 86541 and 546?
273
What is the highest common divisor of 14490 and 1170?
90
What is the greatest common factor of 5547 and 8643?
129
Calculate the greatest common divisor of 16192 and 1793.
11
Calculate the greatest common factor of 2269498 and 154.
154
What is the greatest common divisor of 4164 and 4795540?
1388
Calculate the greatest common divisor of 568 and 2961339.
71
Calculate the highest common factor of 1776225 and 132.
33
What is the greatest common divisor of 47597 and 275?
11
What is the highest common divisor of 25338 and 96099?
309
What is the greatest common divisor of 217 and 3954391?
217
Calculate the greatest common factor of 8918 and 416.
26
Calculate the greatest common divisor of 1106623 and 4244.
1061
What is the greatest common factor of 61896 and 116?
4
What is the highest common divisor of 18 and 303822?
18
Calculate the greatest common divisor of 168 and 3556.
28
Calculate the greatest common factor of 552780 and 444.
444
Calculate the greatest common factor of 13275 and 675.
225
What is the highest common factor of 25 and 539475?
25
What is the highest common factor of 117550 and 100?
50
Calculate the highest common divisor of 60 and 410180.
20
Calculate the highest common divisor of 425 and 13950.
25
Calculate the highest common divisor of 25930 and 30.
10
What is the highest common factor of 27330 and 170?
10
What is the greatest common divisor of 880 and 838640?
880
What is the highest common divisor of 7201 and 209?
19
Calculate the greatest common factor of 27834 and 102.
6
Calculate the highest common factor of 67 and 99763.
67
What is the greatest common divisor of 5904 and 76014?
738
What is the highest common factor of 565 and 295?
5
Calculate the greatest common factor of 190273 and 215813.
1277
Calculate the highest common divisor of 5154 and 3954.
6
Calculate the highest common divisor of 806 and 18746.
26
Calculate the highest common divisor of 165 and 16800.
15
Calculate the greatest common divisor of 146895 and 189.
21
What is the greatest common factor of 1898288 and 224?
112
What is the highest common factor of 127 and 375031?
127
What is the highest common divisor of 292 and 82052?
292
Calculate the greatest common divisor of 209551 and 492.
41
Calculate the greatest common factor of 406 and 280546.
406
What is the highest common factor of 220 and 110?
110
What is the greatest common divisor of 16271 and 41711?
53
Calculate the highest common divisor of 37600 and 151904.
1504
What is the greatest common divisor of 333 and 32031?
9
Calculate the greatest common factor of 3107 and 5497.
239
Calculate the highest common divisor of 213 and 775959.
213
Calculate the greatest common divisor of 37870 and 280.
70
Calculate the highest common divisor of 335 and 24785.
5
Calculate the highest common divisor of 74269 and 116.
29
Calculate the highest common factor of 372 and 47244.
372
Calculate the greatest common divisor of 2485 and 287.
7
Calculate the greatest common factor of 9159 and 7029.
213
What is the greatest common factor of 4401 and 42380?
163
What is the highest common divisor of 6972 and 431268?
996
Calculate the greatest common factor of 264 and 2387.
11
Calculate the greatest common factor of 100 and 4700.
100
What is the highest common factor of 454 and 141194?
454
What is the highest common factor of 7102025 and 350?
175
What is the highest common factor of 542639 and 46?
23
Calculate the greatest common divisor of 15 and 253335.
15
What is the greatest common factor of 1840265 and 105?
35
What is the highest common divisor of 1449 and 4669?
161
What is the greatest common factor of 4 and 68?
4
Calculate the highest common factor of 174803 and 536.
67
Calculate the highest common divisor of 18 and 254316.
6
Calculate the greatest common factor of 684117 and 189.
63
Calculate the greatest common divisor of 1235014 and 319.
11
What is the highest common factor of 1042423 and 289?
289
Calculate the greatest common factor of 2139 and 17577.
93
Calculate the greatest common divisor of 180 and 5260.
20
What is the highest common factor of 470 and 1583